**2 - 8*h - 33. Let w be i(11). Suppose 0 = -w*k - 5*k + 16255. Is k a prime number?
True
Let u = -800 + -1351. Let w(n) = -663*n - 217. Let g be w(-5). Let r = u + g. Is r a prime number?
True
Is 10743*((2492/60 - 2/10) + 1) composite?
True
Suppose 10933 + 22752 = 11*b - 107104. Is b a prime number?
True
Suppose -5 = -5*j, -5*u + j = 5*j - 41354. Suppose 14*t = 9*t + u. Suppose 4*s = 2*n - 2829 - 485, -n - s = -t. Is n a prime number?
False
Let x(k) = 652*k**3 + 2*k**2 - 25*k + 96. Is x(5) a composite number?
True
Let i = 116 + 497. Suppose -p + 3*l + i = -l, 1904 = 3*p + l. Is (p/(-5))/(((-5)/25)/1) composite?
True
Suppose 4*u - 3*g + 0 = 20, -u - 3*g + 5 = 0. Let n = 482 - 221. Suppose u*d - 2084 - n = 0. Is d a composite number?
True
Let v(m) = -55*m**3 - 4*m**2 + m + 11. Suppose -12*k - 17 = 3*r - 17*k, 0 = 4*r + k + 15. Is v(r) prime?
True
Let i = -4480 + 21999. Is i a composite number?
False
Let f be 618430/20 - 3/6. Let s = f + -17426. Is s composite?
True
Suppose 62 = -2*r + 4*u, 0 = r - 2*r - 2*u - 39. Let s = r + 40. Suppose 0 = s*x + 20, 2*x + 0 = -k + 23. Is k a composite number?
False
Let w = 120 - 84. Let x be (w/15)/(-4*(-3)/5730). Suppose -5*j - x = -11*j. Is j prime?
True
Let u = 86347 - 60861. Suppose 0 = -5*g - 3*a + u, -2*g - 2865 + 13054 = 3*a. Is g a prime number?
True
Is 300/45 + -7 + (-1367750)/(-15) composite?
False
Let f = 15 + -14. Let n be (f + -2 - -2058)*2. Suppose n - 36 = 2*l. Is l a prime number?
True
Suppose 0*w = -4*w + 5*w. Suppose -5*s - 2*a + 805 = 0, w*s - a + 322 = 2*s. Suppose -3*o + s - 20 = 0. Is o prime?
True
Let g = 18169 - 8858. Is g a composite number?
False
Suppose -134*s + 138*s = 4. Is 2/s - -23738 - 3/(-3) a prime number?
True
Suppose 3*j + 7 = 16. Suppose -2*b = -3*l + 8*l - 6813, 2*b - j*l = 6805. Let w = b + -1783. Is w a prime number?
True
Let h = 127 - 122. Suppose -t + 91 + 81 = h*r, -5*r - 182 = -t. Suppose -11*f + 8*f = -t. Is f prime?
True
Suppose -8*r - 476436 = -23*r + 2097729. Is r prime?
False
Let q(t) = 33 - 18*t + 20*t**2 - 29*t + 50*t. Is q(8) prime?
False
Let x = 144514 + 60783. Is x a prime number?
True
Let i be (15779/(-124))/(2/(-80)). Let s = i - 3216. Is s composite?
True
Let c = 64034 + -40767. Is c composite?
True
Let u = 2447 + 3713. Suppose -3*k = -9, 4*g + 4*k + 1084 = u. Is (56/(-24))/((-2)/g) a prime number?
False
Suppose 4*v = 3*a + 160661, 217*v + 40175 = 218*v - 4*a. Is v prime?
True
Suppose 3*y + 1 = 2*k - 2, -3*k + 5*y + 3 = 0. Let x = -3 + k. Suppose -4*b - g = -437, -2*b + x*g + 220 = 5*g. Is b composite?
False
Let b(o) = -o**3 - 108*o**2 - 206*o + 1213. Is b(-108) prime?
False
Let s(g) = 3 - 3 + 3*g + 17. Let i = 422 - 406. Is s(i) a composite number?
True
Suppose -13*w = -3*w - 60. Suppose 38*b + w = 40*b. Is (-6)/((-24)/(-4)) - b*-426 a composite number?
False
Suppose p + 4 = 0, 0*l - 3*l = 5*p + 26. Let f be 2 + l + 0/2. Let x(k) = k**3 - 2*k**2 - 2*k + 295. Is x(f) composite?
True
Let q(g) be the first derivative of g**3/3 + 7*g**2/2 + 6*g - 30. Let m be q(-6). Suppose f + 25 - 62 = m. Is f a prime number?
True
Suppose 5*t + 9444 - 285099 = 0. Suppose -y = 2*a + 3*y - 22046, -5*a - 2*y = -t. Is a a composite number?
False
Suppose y = 2*a + 1067, -3*a + a - 2138 = -2*y. Suppose -4*q = q - 80. Suppose -y = 7*t - q*t. Is t prime?
False
Let u = 14625100 - 9809615. Is u a composite number?
True
Suppose 9*q - 8*q - 3 = 0. Suppose -3*r = 4*p - p - 474, -q*p - 597 = -4*r. Suppose -r = -2*y - 35. Is y composite?
False
Let k = 49 + -31. Let v be (((-190)/38)/((-5)/6))/(-2). Is v + 10128/k + 4/(-6) composite?
True
Suppose -4*m = -2*b + 597966, 24*b = 23*b - 5*m + 299032. Is b composite?
True
Suppose 15 = -2*i + 3*c, 4*i + 8 = 3*c - 7. Let b(r) = r**3 + 38. Is b(i) a composite number?
True
Let l(r) = -4*r**3 + 2*r**2 - 356*r + 23. Is l(-42) prime?
False
Suppose 4*x - 6507 = -y, 612*y - 615*y = 5*x - 19528. Is y prime?
False
Suppose -4*c = -7*c + 6153. Let z = c + -69. Suppose -z + 654 = -8*o. Is o a prime number?
False
Suppose -6*u + 17 = -37. Let p be u*(1 + 0 + 133). Suppose -251 = 3*t + 2*h - p, -4*t + 3*h = -1262. Is t a composite number?
False
Let c = -94 - -84. Let d be -60*(-1152)/9*(-1)/c. Suppose 5*i + l = 1286, d = 3*i + 3*l - 6*l. Is i composite?
False
Suppose 56*l = 1836142 + 11424154. Is l a prime number?
False
Let l(f) = 2*f**3 - 6*f**2 + 2*f + 2775. Let v be l(0). Is v + ((-6)/21)/(3/21) composite?
True
Let d(u) be the first derivative of 16*u**3/3 + 7*u**2/2 - 20*u - 214. Suppose 0 = -4*b - 5*v - 31, -v = b - 4*b - 28. Is d(b) prime?
True
Suppose 0 = 10*r - r - 159372. Let n = r + -5666. Suppose -n = -7*v + 10855. Is v prime?
True
Let p = -211102 - -415791. Is p a composite number?
True
Suppose 4*q - 2*z = -5*z + 9316, 3*q - 5*z = 7016. Suppose -1325 = -3*i + q. Is i a prime number?
False
Let m(b) be the third derivative of 865*b**4/24 + 5*b**3/6 + 12*b**2. Let p be m(2). Let y = p - 828. Is y a prime number?
True
Suppose 4*v - 47 - 37 = -3*p, -2*v + 52 = -p. Let i = 26 - v. Suppose -5*n + 2505 = 5*x, -4*x + i*x + 503 = n. Is n a composite number?
False
Let w(z) = -z**2 - 8*z + 1. Let o be w(-7). Suppose m = o*m. Is 3 - m - -130 - 4 prime?
False
Let z be -1 + 1/(-1) + (-150)/(-25). Suppose 4*f - 5*n = 3032, -5*f - z*n + 3559 = -272. Let a = f - 456. Is a composite?
False
Suppose 0 = -5*k + 10, k + 3341 = -14*w + 15*w. Is w composite?
False
Suppose 5*v + 21*i = 17*i + 1221159, -5*v + 2*i = -1221183. Is v a prime number?
False
Let f(d) = 6*d - 7. Let t = 54 - 52. Let b be f(t). Suppose 0 = 4*z + z - 4*w - 1127, -4*w + 1103 = b*z. Is z prime?
True
Suppose 0*q - q + 1373094 = 17*q. Is q prime?
True
Let f = 59130 + 46097. Is f a composite number?
False
Let o = 7 + -26. Let p be o/((-114)/4) - 2/3. Suppose -7*k + 12381 = -2*k - 2*h, 2*k - 5*h - 4944 = p. Is k composite?
False
Let f(i) = -i**3 + 24*i**2 + 36*i + 26. Let s be f(23). Let v = 655 - s. Let a = v - -4107. Is a composite?
True
Let i(m) = 2*m**3 - 16*m**2 - m + 19. Let n be i(8). Suppose 2*t - 10*b = -n*b + 7187, 2*b = -t + 3595. Is t prime?
True
Is (67691 - -131)*(-28)/(-8) a composite number?
True
Suppose 5*m = -2*v + 53 - 20, 4*m = 5*v - 66. Suppose -v = a - 18. Suppose 3*h + 5*j = a*j + 3777, h - 1259 = -5*j. Is h a prime number?
True
Suppose -4*z = -t - 0*z + 58222, 3*t + z - 174653 = 0. Suppose -t = -2*a + 5*l, 3*a - 30417 = -5*l + 56860. Is a prime?
False
Let h(u) = 8837*u**2 - 58*u - 2. Is h(1) a prime number?
False
Let h(v) = -93*v + 154. Let f(w) = -32*w**3 + 6*w**2 - 6*w - 1. Let u be f(1). Is h(u) a prime number?
False
Let b be (866/(-3))/((21/(-45))/(-7)). Let q = b + 6691. Is q a composite number?
True
Suppose -40*y - 426948 + 6759313 = 157605. Is y prime?
True
Let v(m) = 84*m**2 - 14*m - 71. Let i = 162 + -167. Is v(i) a composite number?
False
Let u be -177*(-3796)/6 + 0. Suppose -4*a + u = -3*q, 21*a - 20*a - 27993 = 2*q. Is a a composite number?
False
Suppose 2*v = -o - 28, -o - 48 = 5*v + 16. Is (135881/68)/((-3)/v) a composite number?
False
Let b(h) = -h**2 - 5*h - 8. Let d be b(-3). Let n be 16/(6 + d)*11*5. Suppose 3*m = -z + n, -2*m = m - 9. Is z a prime number?
True
Is (1/3*-3)/((12/(-118317))/4) prime?
True
Let h(k) = -k**2 - 22*k - 35. Let d be h(-18). Suppose -14*y + 47 = -d. Is ((-3)/y*-2)/((-3)/(-1563)) a composite number?
False
Let c = 304 + -309. Is (-1)/(c - 43894/(-8779)) composite?
False
Let h(a) = -a**3 + 7*a**2 - 2*a + 9. Let g be h(5). Suppose 164957 = g*j - 36*j. Is j a composite number?
False
Suppose 63*g - 1634588 = 10462231. Is g prime?
True
Let v(n) = -475*n**3 - 13*n**2 - 7*n + 8. Is v(-5) a prime number?
True
Let v = -1 + 3. Let b = 556 - 544. Is ((-1730)/(-6) - 4)/(v/b) a prime number?
False
Suppose -5*d - 2*z = -66, 30 = 2*d - 0*z - z. Let h = -10 + d. Suppose -l - 3*c = -h*c - 307, 614 = 2*l + 2*c. Is l composite?
False
Let u = -35768 - -54627. Is u composite?
False
Suppose 0 = -3*y + 5*t + 727, -5*y + 224 = -5*t - 991. Let g = -582 + 1625. Let n = g - y. Is n prime?
False
Let g be -58*((-2)/(-1) + -69). Suppose 4*d - 14948 = -2*p - g, -4*p - 2*d = -22148. Is p prime?
False
Suppose -z + 7 = 10*j - 12*j, 5*j = 2*z - 15. Suppose z*b + 3*v + v = 25373, -3*b + 15246 = -5*v. Is b a composite number?
False
Suppose -104*f + 1792403 + 4417749 = 0. Is f